21066239.
21066239
What are the prime factors of 45658877?
11, 31, 257, 521
List the prime factors of 28938390.
2, 3, 5, 13, 74201
What are the prime factors of 37630006?
2, 1321, 14243
List the prime factors of 4430413211.
7, 97, 431, 15139
What are the prime factors of 72048746?
2, 7, 11, 199, 2351
List the prime factors of 176843250.
2, 3, 5, 41, 71
What are the prime factors of 117621286?
2, 19, 499, 6203
List the prime factors of 547192385.
5, 71, 137, 11251
List the prime factors of 1272522091.
43, 197, 150221
What are the prime factors of 2488598552?
2, 11, 613, 46133
List the prime factors of 11524208.
2, 373, 1931
List the prime factors of 4577042063.
11, 416094733
What are the prime factors of 3367607438?
2, 13, 31, 127, 167, 197
List the prime factors of 2020422616.
2, 252552827
List the prime factors of 344213898.
2, 3, 7, 8195569
What are the prime factors of 45757906?
2, 79, 289607
What are the prime factors of 211194146?
2, 105597073
List the prime factors of 369344536.
2, 11, 4197097
List the prime factors of 265741427.
7, 71, 151, 3541
List the prime factors of 23746991.
1223, 19417
What are the prime factors of 5242649640?
2, 3, 5, 43688747
What are the prime factors of 75821880?
2, 3, 5, 37, 17077
List the prime factors of 771918336.
2, 3, 7, 2659
List the prime factors of 46547932.
2, 59, 3343
What are the prime factors of 1951404142?
2, 29, 33644899
What are the prime factors of 775958096?
2, 97, 499973
List the prime factors of 19305343.
31, 401, 1553
List the prime factors of 13781136.
2, 3, 287107
What are the prime factors of 4795698486?
2, 3, 47, 2687, 6329
What are the prime factors of 50597084?
2, 31, 408041
List the prime factors of 482623045.
5, 96524609
What are the prime factors of 29304867?
3, 1213, 8053
What are the prime factors of 36857305?
5, 127, 58043
List the prime factors of 1184476978.
2, 641, 923929
What are the prime factors of 328465497?
3, 107, 1023257
What are the prime factors of 38833460?
2, 5, 1941673
What are the prime factors of 1513532269?
239, 6332771
What are the prime factors of 86610879?
3, 59, 163109
What are the prime factors of 5727446024?
2, 715930753
List the prime factors of 559856999.
13, 881, 48883
What are the prime factors of 55147423?
3607, 15289
List the prime factors of 32616135.
3, 5, 241601
What are the prime factors of 35630?
2, 5, 7, 509
List the prime factors of 174920434.
2, 13, 643, 10463
List the prime factors of 30799711.
29, 47, 59, 383
What are the prime factors of 5973629265?
3, 5, 47, 2824411
What are the prime factors of 103415254?
2, 51707627
List the prime factors of 270097384.
2, 439, 76907
What are the prime factors of 97812118?
2, 17, 2876827
List the prime factors of 43638437.
43638437
List the prime factors of 27246823.
53, 67, 7673
List the prime factors of 7218725089.
1471, 4907359
What are the prime factors of 409080746?
2, 204540373
What are the prime factors of 193381479?
3, 397, 18041
List the prime factors of 1088728715.
5, 217745743
What are the prime factors of 47685688?
2, 31, 59, 3259
What are the prime factors of 19975910?
2, 5, 1997591
What are the prime factors of 848108628?
2, 3, 277, 85049
List the prime factors of 747159753.
3, 7573, 32887
What are the prime factors of 27348273?
3, 337633
What are the prime factors of 81721122?
2, 3, 7, 39709
List the prime factors of 3890489688.
2, 3, 54034579
What are the prime factors of 655949185?
5, 131189837
List the prime factors of 3384998.
2, 1692499
List the prime factors of 428475331.
389, 677, 1627
List the prime factors of 337366080.
2, 3, 5, 39047
What are the prime factors of 370251638?
2, 185125819
List the prime factors of 1277516927.
19, 151, 445283
What are the prime factors of 97553250?
2, 3, 5, 191, 227
What are the prime factors of 2466376611?
3, 97, 8475521
List the prime factors of 276729773.
1439, 192307
List the prime factors of 384604542.
2, 3, 7, 3052417
What are the prime factors of 3336473974?
2, 41, 43, 946249
What are the prime factors of 330517215?
3, 5, 7, 61, 103, 167
List the prime factors of 84498801.
3, 53, 113, 4703
List the prime factors of 1322509080.
2, 3, 5, 181, 60889
List the prime factors of 14602714.
2, 7, 43, 127, 191
List the prime factors of 47050094.
2, 7, 13, 36931
What are the prime factors of 37130831?
37130831
List the prime factors of 2808953955.
3, 5, 62421199
What are the prime factors of 126303577?
2671, 47287
List the prime factors of 6985776148.
2, 13, 677, 198437
What are the prime factors of 182282803?
3637, 50119
What are the prime factors of 120142311?
3, 40047437
What are the prime factors of 2776724413?
83, 33454511
List the prime factors of 629318829.
3, 37, 5669539
List the prime factors of 4615858.
2, 13, 177533
What are the prime factors of 1450300?
2, 5, 14503
What are the prime factors of 204127226?
2, 102063613
List the prime factors of 787363637.
31, 819317
What are the prime factors of 1388354819?
23, 103, 586051
What are the prime factors of 2869444009?
53, 97, 558149
List the prime factors of 881476255.
5, 11, 16026841
List the prime factors of 985260823.
17, 71, 48017
What are the prime factors of 112228404?
2, 3, 433, 21599
What are the prime factors of 41398253?
13, 3184481
What are the prime factors of 404373955?
5, 1399, 57809
What are the prime factors of 14492242?
2, 307, 23603
List the prime factors of 1285721426.
2, 11, 58441883
List the prime factors of 25233105.
3, 5, 1682207
What are the prime factors of 2293062817?
1949, 1176533
List the prime factors of 603294300.
2, 3, 5, 7, 17, 43, 131
What are the prime factors of 21943748?
2, 23, 238519
List the prime factors of 3590103859.
269, 2657, 5023
What are the prime factors of 844358627?
7, 120622661
What are the prime factors of 28924568?
2, 3615571
List the prime factors of 356386.
2, 73, 2441
List the prime factors of 162965121.
3, 11, 47, 105071
List the prime factors of 1114296771.
3, 7, 53061751
List the prime factors of 770792354.
2, 16547, 23291
List the prime factors of 515532957.
3, 4957, 34667
List the prime factors of 2982422.
2, 37, 41, 983
List the prime factors of 33609528.
2, 3, 181, 2579
What are the prime factors of 22795190?
2, 5, 11, 18839
List the prime factors of 270176216.
2, 23, 211, 6959
What are the prime factors of 409519499?
53, 7726783
List the prime factors of 470522039.
13, 17, 43, 67, 739
List the prime factors of 689737614.
2, 3, 61, 1884529
List the prime factors of 199145522.
2, 397, 250813
List the prime factors of 395069.
395069
What are the prime factors of 225156615?
3, 5, 3803, 3947
List the prime factors of 279375447.
3, 13, 131, 149, 367
What are the prime factors of 578761125?
3, 5, 41, 37643
What are the prime factors of 1301008643?
11, 29, 4078397
What are the prime factors of 2263819896?
2, 3, 13, 23, 8089
What are the prime factors of 1001680306?
2, 11, 45530923
What are the prime factors of 1226825967?
3, 1723, 237343
List the prime factors of 327963114.
2, 3, 1597, 3803
List the prime factors of 28436351.
773, 36787
List the prime factors of 224293797.
3, 7, 13, 137, 1999
List the prime factors of 1274256173.
1274256173
List the prime factors of 851631102.
2, 3, 7, 6758977
List the prime factors of 32761112.
2, 4095139
What are the prime factors of 20464182?
2, 3, 37, 30727
List the prime factors of 27927288.
2, 3, 129293
What are the prime factors of 482026125?
3, 5, 7, 47, 3907
What are the prime factors of 411751513?
411751513
List the prime factors of 45436810.
2, 5, 43, 105667
What are the prime factors of 5042844569?
7, 41, 1733, 10139
What are the prime factors of 73470985?
5, 7, 53, 39607
List the prime factors of 1187041149.
3, 7, 89, 7841
What are the prime factors of 266981649?
3, 11, 8090353
What are the prime factors of 1092169974?
2, 3, 7, 673, 38639
What are the prime factors of 384287663?
397, 967979
What are the prime factors of 6043239660?
2, 3, 5, 100720661
List the prime factors of 99114052.
2, 24778513
What are the prime factors of 34118866?
2, 43, 617, 643
List the prime factors of 1033455098.
2, 13, 39748273
What are the prime factors of 137222670?
2, 3, 5, 13, 331, 1063
List the prime factors of 848128152.
2, 3, 35338673
List the prime factors of 29947243.
443, 67601
List the prime factors o